of u?
7
Suppose -4*w + 10 = -6. Suppose v - 3*u - 15 = 0, -w*u + 3*u + 58 = 2*v. What is the tens digit of v?
2
Suppose -3*b = b. Suppose 2*w - 7 - 5 = b. Let z = w + -2. What is the units digit of z?
4
Let b = -32 + 29. Let c(y) = y - 7. Let u be c(0). Let h = b - u. What is the units digit of h?
4
Let y(d) = -d - 1. Let j(i) = i**3 - 7*i**2 + 3*i + 2. Let x(a) = -j(a) - 3*y(a). What is the units digit of x(7)?
1
Suppose 2*b - 2*o + 6*o = 482, 3*b - 711 = -2*o. What is the hundreds digit of b?
2
Suppose 0 = 5*v - 0*h + h - 17, v = -h + 5. Suppose -v*m - m + 144 = 0. What is the units digit of m?
6
Let w(o) be the third derivative of o**5/60 - o**4/6 + o**3/6 - o**2. Let z be w(5). Let q(i) = i**3 - 6*i**2 + i - 1. What is the units digit of q(z)?
5
Suppose t - 1 = 0, 1 = 2*h + t - 4. Let r(c) = 8*c - 3. Let q be r(h). Let k = q + -8. What is the units digit of k?
5
What is the units digit of (18/(-12))/((-6)/68)?
7
Suppose -h + 3 = 0, 3*o + h + 0*h - 75 = 0. Let t = -21 + o. What is the units digit of t?
3
What is the units digit of (-6)/(14/(-8) - 3/(-4))?
6
Let s = 20 - 3. Suppose -7 = -3*o + s. What is the units digit of o?
8
Let l be (4/(-5))/((-4)/(-20)). Let b(o) = o**2 + o + 3. What is the tens digit of b(l)?
1
Suppose 297 = 4*x + 3*k, 5*x + 3*k = 4*k + 376. What is the tens digit of x?
7
Suppose -5*b + 17 = -t - b, 5*b - 34 = -3*t. Suppose -t*v + 7*v = 152. What is the tens digit of v?
3
Suppose -3*t = -2*t - 10. Suppose -5*b = -t*b + 30. What is the units digit of b?
6
Suppose 4*s - 24 = -5*y, -2*s - y + 30 = -3*y. Suppose 7*m = s*m - 140. What is the tens digit of m?
3
What is the units digit of 56/10 + (-6)/(-15)?
6
Suppose 0 = -3*r + 2*v + 25, -2*r = 4*v - v + 5. Suppose -l + r = 3. Suppose 0*q - q - 5*o + 24 = 0, 6 = l*q - 4*o. What is the units digit of q?
9
Let a(m) be the third derivative of m**4/6 + m**3/3 - 4*m**2. What is the tens digit of a(4)?
1
Let z(p) = p**3 + 9*p**2 - 4*p - 12. Let d be z(-9). Suppose -6*h = -8*h + d. What is the units digit of h?
2
Let o be (-4)/(-5)*5/2. Let c be o/(-5) + (-136)/10. Let r = -9 - c. What is the units digit of r?
5
Let b(v) = 6*v**2 - 10*v - 19. What is the units digit of b(-6)?
7
Let m be (9 + -3)/1 - 2. What is the units digit of m*(-39)/36*-3?
3
Suppose -1118 = -4*p + t + 244, 5*p - 1697 = 4*t. What is the tens digit of p?
4
Let j be (8/(-6))/(4/(-78)). Suppose 34 = 5*z - j. What is the units digit of z?
2
Let b be (4 - 25)/(3/(-2)). Suppose 2*r = r + b. What is the units digit of r?
4
Let s = -6 + 10. Suppose 0 = 2*q + 4*f + 8, -8 = 2*q + 2*f - s*f. Let a = 6 - q. What is the units digit of a?
0
Suppose -3*q + 5*v + 182 = 0, -q - q + 5*v = -113. Let p = q + -21. What is the tens digit of p?
4
Let n be ((-2)/5)/((-1)/5). Let k = n + -1. What is the units digit of 108/16 - k/(-4)?
7
Suppose 2*v + v = 6, 3*y - 2*v - 107 = 0. Suppose f - t - y = -5, 2*f = -5*t + 50. What is the units digit of f?
0
Suppose 11*l - 325 = 49. What is the units digit of l?
4
Let n be 1/2*(0 - 6). Let u(q) = -2*q**3 - 2*q**2 + 3*q - 4. What is the units digit of u(n)?
3
What is the units digit of (27/12)/(27/720)?
0
Let i be (-57)/(-5) + (-4)/10. Suppose -5 = -2*a - 4*l + 9, -3*a - l + i = 0. What is the units digit of 8/20 - a/(-5)?
1
Let c be 386/(-26) - 2/13. Let i = 28 + c. What is the units digit of i?
3
Let k be -2 - (-10)/4*6. Let n be (-2 + 1)*(-3 - 2). Suppose 4*m = -n*z + 7, -5*m = 3*z - 12 - k. What is the units digit of m?
8
Let t(f) = 7*f**2 - 14*f. Let a(i) = 20*i**2 - 41*i + 1. Let r(h) = -6*a(h) + 17*t(h). What is the units digit of r(6)?
6
Let d(y) = 4*y - 2. Let b be d(3). Let c(w) = w**2 - 8*w - 7. What is the units digit of c(b)?
3
Suppose -145 = 2*c + 4*f - 47, c + 55 = -5*f. Let r = 79 + c. What is the tens digit of r?
3
Let x = -110 - -171. What is the tens digit of x?
6
Suppose -194 = -4*q + 834. What is the tens digit of q?
5
What is the units digit of (-3)/(1*6/(-142))?
1
Suppose -h - 3 = 1. Let x = h - -6. What is the units digit of x?
2
Suppose 0 = -4*b + 1 + 35. Let a = 11 - b. Suppose a*h - 28 = -2*h. What is the units digit of h?
7
Suppose 5*i = -3*s + 25, -4*s + s = 2*i - 19. Suppose s*z + 0*z = 80. What is the units digit of z?
6
Suppose 21 = 2*x - 17. Suppose 3*b + l - x = 38, -5*l = 3*b - 57. What is the tens digit of b?
1
Let h = 22 + -11. Suppose h*f = 15*f - 80. What is the tens digit of f?
2
Suppose -h + 5*h = 8. Suppose -7 = -h*l + 5. What is the units digit of l?
6
Let g be 0/(-1) + (3 - 4). Let s = 5 - g. Suppose -q + s = -1. What is the units digit of q?
7
Suppose -2*y + 0*y + 23 = -5*f, 5*y - 3*f = 29. Suppose -y*w + 120 = -d - 56, -180 = -4*w + 2*d. What is the units digit of w?
3
Suppose 4*q - 2*j - 344 = 0, 0 = -2*q - 2*j - 2*j + 192. What is the tens digit of q?
8
Let f be 7/4*2*-2. Let v(x) = x**3 - 4*x**2 - 10*x + 9. Let u be v(6). Let k = u + f. What is the units digit of k?
4
Suppose 11*v - 1568 = -3*v. What is the hundreds digit of v?
1
Let n = 655 - 463. What is the units digit of n?
2
Let w be 9/(-2 + 118/56). Suppose -3*x - w = 93. What is the tens digit of (-1)/(-4) + x/(-4)?
1
What is the tens digit of (36/(-24))/((-3)/68)?
3
Let k = -5 - -10. Suppose 0 = -2*f + k + 1, 2*n = -4*f + 14. What is the units digit of n?
1
Let k be (3 - 4) + 5*2. Suppose 2*u = 3*j + 25 + k, -5*u - 2*j = -66. Let n = u + -6. What is the units digit of n?
8
Let s(f) = f**3 + 6*f**2 + 4*f + 3. What is the tens digit of s(-4)?
1
Let i(m) = -9 + m - 18*m + m**2 - 2*m**2 + 4*m. What is the units digit of i(-11)?
3
Suppose -5*m + 101 = 2*d, -109 = -3*d - 0*d + m. Let b = -1 + d. What is the tens digit of b?
3
Suppose -5*c + 0*p = -2*p - 127, -4*c + 4*p + 104 = 0. What is the tens digit of c?
2
Let l = -71 - -99. What is the tens digit of l?
2
Suppose -3*y + 3 = -3. Suppose -v = -y - 4. Suppose -v*g + g + 45 = h, -4*g + 36 = 2*h. What is the units digit of g?
9
Let c = 6 - 2. What is the tens digit of (15/9)/(c/84)?
3
Suppose -4*v + 3*r + 4 = 7*r, 3*v + 2*r = 8. What is the units digit of v?
6
Let i = -454 + 793. What is the units digit of i?
9
Suppose -4*d - 10 = -6*d. What is the units digit of (d - 2) + -3 - -4?
4
Suppose 3*d - 2*q + 42 = 138, 64 = 2*d - 4*q. Suppose -4*p = -2*p - d. What is the units digit of p?
6
Let g be 0 - 0 - 6/(-2). Suppose -g*s = 2*s - 85. What is the tens digit of s?
1
Let n = -4 - -3. What is the units digit of (5/(-5))/(n/19)?
9
Suppose -2 = 4*r + 18. Let d be 2/r + 17/5. Suppose -12 = j - d*j. What is the units digit of j?
6
Let h(p) = p + 1. Suppose 0 = -5*g + 2*g + 21. What is the units digit of h(g)?
8
Let o(j) = 7*j**3 - j**2 - j - 2. Let q be o(2). Suppose g - q = -3*g. Suppose -4*w + g = -2*w. What is the units digit of w?
6
Let w(q) = q**3 - 2*q**2 - 2*q + 6. Let y be w(4). Suppose -o + y = o. What is the units digit of o?
5
Suppose 3*l + 8 - 59 = 0. Let z = l - 11. What is the units digit of z?
6
Suppose -2 = -7*z + 8*z. What is the units digit of 35/z*48/(-60)?
4
Suppose 2*r = 3 - 17. Let x(m) = -3*m - 4. What is the tens digit of x(r)?
1
What is the units digit of (-5)/(-1 - 12/(-16))?
0
Suppose 3*i + 2 = m - 2, -i = 5*m + 12. Let y be (5/(-5))/(m/(-6)). What is the units digit of (y/3)/(2/(-34))?
7
Let q = 68 + 45. What is the units digit of q?
3
Let h = 39 - 15. What is the tens digit of h?
2
What is the units digit of 1/(-3 - (-217)/72)?
2
Suppose 3*i = l + 7*i - 20, 3*i = 12. Let f = 48 - 32. Suppose 4*q - l = f. What is the units digit of q?
5
Let o be (-6 - -5) + 2*3. Suppose d - 3 = -2*h + 10, -d + o*h = -27. Let w = -10 + d. What is the units digit of w?
7
Let c(w) = -3*w**2 + 3*w + 3. Let y be c(3). Let z = y + 51. What is the units digit of z?
6
Let c(f) = 2*f**2 + 6*f. What is the units digit of c(7)?
0
Suppose w + 3*w = 36. Let k(l) = -l**2 + 13*l. What is the units digit of k(w)?
6
Suppose 3*a + t - 479 = 0, 5*a = -0*a + 4*t + 804. What is the tens digit of a?
6
Let r(z) = -z**2 - z + 4. Let w be 14/6 - 5/15. Suppose g = -w*g. What is the units digit of r(g)?
4
Let d(j) = -3*j - 6. Let x be (-1)/2 - (-77)/(-22). What is the units digit of d(x)?
6
Let b(j) = j**3 + 7*j**2 - 5*j - 8. Let q be (-1)/(-4) + 29/(-4). What is the units digit of b(q)?
7
Let w = -52 + 76. What is the units digit of w?
4
Let z = 4 + -2. Suppose -3*